
-4
What is the value of 76 - 58 - (1 - (-1 - 0))?
16
What is (528 - 525) + (1 - 7)?
-3
-6 - (11 + -23 - -11)
-5
What is (-2 - (20 + -2)) + 16?
-4
-1 - ((-3 - -12) + -13)
3
Calculate (-4 - (1 + 0 - 4)) + 5 + -18.
-14
What is the value of (13 - (-1 - 2 - -6)) + (-41 - -34)?
3
Evaluate 2 + 4 + (-3 - 1) + 4 + -9.
-3
Calculate -14 - (-6 + 38 + -23).
-23
What is the value of -7 + (-3 - (15 - 12))?
-13
-68 - -20 - -44 - (-23 - (0 + -1))
18
Calculate (-7 - (26 - 9 - 11)) + 9.
-4
Calculate -3 - (-1 + -9 - -15 - 10).
2
Evaluate 7 + (-10 - -11) + 1 + -3.
6
-3 - (-12 - (7 - 4))
12
Evaluate 11 + -8 - (-4 + -4 + 13 + -6).
4
What is the value of 17 + (-4 - (-10 + (4 - -8)))?
11
Calculate 7 + (-4 - -1) + -1 + (-5 - -18).
16
What is the value of -11 + -7 + 8 - -10?
0
Calculate 41 - 21 - (3 - -7).
10
What is 0 - (3 + (19 + -21 - (0 - 0)))?
-1
(-10 - -8 - (-6 + 2 - 0)) + 5
7
Calculate (11 - (-43 + 36)) + -7.
11
What is the value of -80 + 76 + 32 - (-1 + -3)?
32
What is -2 - (12 + -10 + -12)?
8
Calculate (-34 - -40) + (-1 - 0) + -13.
-8
What is the value of 7 + 8 + 9 + -15?
9
Evaluate -19 + 34 + 2 + -18.
-1
Evaluate (2 - (0 + -6)) + -8 + -8.
-8
16 - (-14 - (-1 + -33)) - 10
-14
Calculate -29 + 39 + (-1 - 7) + -12.
-10
What is -29 + (37 - 5) - 12?
-9
What is -6 - (-8 - ((8 - 5) + -2)) - -11?
14
What is the value of (14 - 4) + -5 + -1 + 3 - 16?
-9
What is the value of 7 - -23 - (63 - 58)?
25
Evaluate -1 + -1 - 2 - (12 + -10 - 5).
-1
What is -26 - (-14 + 9 + -24)?
3
What is 6 + (-2 - -4) - (-17 + 24)?
1
Calculate (0 - 0) + (852 - 818).
34
What is (6 - (42 + -7)) + 22?
-7
11 - (2 + -4 + (-15 - -12 - -11))
5
8 + (-3 + 0 - -4) + -19
-10
Calculate 1 + -7 + -68 + 82 + -8.
0
13 + 4 + (16 - 8) + -1
24
What is (111 - 118) + 0 + 3 - -1?
-3
What is the value of 13 + -2 + 9 + 4?
24
(24 + -17 + 10 + -3 - 4) + -9
1
Calculate -1 + 5 + 3 + 8 + -25 - -15.
5
What is the value of 5 + 7 + -1 + -19 + 17?
9
Calculate ((4 - 12) + 27 - 10) + -4.
5
Calculate -7 - (-54 - -46 - (9 - 0)).
10
(2 - -11) + -12 - -1
2
What is (11 - 16) + -12 + 17 + -3 + 0?
-3
Calculate (1 - -1 - 5) + 7 + -4 + -9.
-9
Evaluate -15 + 9 - -12 - 8.
-2
Calculate -2582 + 2606 + (0 - -1 - (0 + -2)).
27
Calculate 0 - -16 - (6 + -18 + (8 - 0)).
20
Calculate (11 - (13 + -3)) + 13.
14
Evaluate (-3 - (-6 - -3)) + 4 - (133 + -133).
4
What is the value of (-3 - 6) + (17 - -3) - 4?
7
What is -9 - ((-8 - -12 - 3) + 5 + -34)?
19
4 + -7 + 7 - (2 - 10)
12
Calculate -8 - -7 - 8 - (-2 - 7).
0
What is the value of 18 - 0 - (16 - 4) - 29?
-23
Evaluate 20 + -11 + (-19 - 0).
-10
(0 - (16 - 17)) + 1
2
Calculate -26 + 37 + -6 + -1 + 17 + 5.
26
Calculate -7 + 6 + -4 + -11 + 5 + 13.
2
What is the value of 2 - (3 - -9) - -3?
-7
What is (15 + 5 + -10 - 0) + -1 + -9?
0
What is 0 + -12 + (-399 - -412)?
1
What is the value of -22 + -3 + (8 + -11 - 3 - -14)?
-17
Evaluate 12 + ((25 - 6) + -2 - (23 + -14)).
20
Calculate 2 - (4 - (-4 + -7)) - (-7 + 0).
-6
What is (109 - 110) + -1 + -6 + 11?
3
Calculate (-43 - (19 - 27)) + 13.
-22
Evaluate (-9 - -32) + -11 - 1.
11
What is the value of -1 - 12 - (33 + 3 + -49)?
0
What is the value of 25 - 0 - (-61 + 86)?
0
What is the value of -14 + -2 + (-11 - 2 - (-2 + -7))?
-20
19 - (-35 + 1 - (33 - 49))
37
What is -14 - (-4 + 3) - ((-21 - -11) + 9)?
-12
4 + (-2 - -11) - (137 - 133)
9
Evaluate 8 - (9 - (-14 - -12)) - 17.
-20
Evaluate 14 - (5 + (12 - 4)).
1
What is the value of 2 + (1 - (-7 + 6 + 5)) - -3?
2
(-19 + 9 - -12) + 3
5
Calculate -8 - ((-1 + -18 - -12) + (8 - 1)).
-8
What is 9 + 2 + -7 + (-3 - -2) + -10?
-7
What is the value of (-2 - 1) + 30 + -38 + 14?
3
Evaluate 15 - (17 + 9) - (2 + 0 - -3).
-16
-5 - (-28 + 52) - -11
-18
Calculate -2 + -17 + 0 + -2 - (621 + -627).
-15
What is the value of 20 + (-60 - -10) + 20?
-10
What is -14 + 14 - (4 - (6 - 3 - -7))?
6
What is (2 - 22) + (-60 - -29) + 45?
-6
Evaluate -3 - (10 - (-5 + 9)) - 2.
-11
What is the value of 1 + (-12 + 32 - 8)?
13
What is 4 + (-19 - 0) + (20 - 15)?
-10
What is 1 + -9 - (20 + -10 - 7) - 4?
-15
Calculate 11 - (18 - 15) - (22 + -3).
-11
What is the value of (23 - (-16 - -19)) + -4?
16
Evaluate -16 + (3 - -39) - 46.
-20
Calculate (7 - 3 - (-1 + 6 + 1)) + -6.
-8
Evaluate -4 - -1 - ((49 - 42) + -17 + 1).
6
What is -14 + (71 + -58 - (10 - 2))?
-9
-6 + -14 + 5 + 2
-13
What is -5 - -15 - 7 - (18 - (1 + -1))?
-15
What is the value of 5 + (10 - ((-1 - -10 - 1) + -7))?
14
(89 - 83) + (2 - (-3 - -10))
1
What is the value of 8 + (5 - 3) + -8 - -23 - -6?
31
What is -44 - (24 - (96 - 32))?
-4
What is the value of -12 + 4 + 5 + -5 + 19 + 6?
17
What is -3 + (-1 + (2 - 3) - (47 - 45))?
-7
What is the value of (20 - -2 - 3) + (-6 - 2)?
11
-24 + -4 + 8 + -1 + 3
-18
Evaluate 7 - 4 - (3 - ((-4 - 0) + 1)).
-3
Calculate 4 + -5 + (-8 - -5).
-4
-8 - (4 + 0 - 5 - 2)
-5
Evaluate (2 - -22) + (6 - 13 - (-9 - -3)).
23
Calculate -4 - 7 - (10 + 0 - 12).
-9
Evaluate (-27 - -37) + (-2 - (1 + 10)).
-3
What is the value of (31 - (20 + -7)) + -4?
14
What is the value of -33 + (10 - -5 - 6) + 8?
-16
Calculate (-1 - 1) + (-12 - (5 + -1 - 14)).
-4
What is (1 - (7 - 8)) + -7 + -5?
-10
What is 9 + 3 + -3 + 4 + -36?
-23
Calculate -3 + (-9 - (7 + -20)) - -5.
6
What is -3 + 7 - (-136 - -118)?
22
-11 + 1 - (15 + (-24 - -14))
-15
Evaluate -27 + -9 + 20 - -6.
-10
What is 7 + (-11 + (-9 - -17) - 8) - -28?
24
Evaluate -2 + (2 - (4 - -2)) - -7 - 6.
-5
What is -148 + 170 + (-1 - 11)?
10
What is the value of (3 - -2) + (12 - 19) - -10?
8
Evaluate -20 - (-7 - -10 - 12).
-11
Calculate -10 - (-3 + (18 - 39)).
14
Calculate (-18 + 8 + 12 - 19 - -11) + 30.
24
Calculate 0 - (-16 - -38) - -18.
-4
3 + (16 - 12) + 6
13
What is the value of 11 - (11 + 7 + (-23 - -10))?
6
Calculate (6 + -8 - 2) + 4 + 1.
1
19 - 9 - (5 - (5 - 2)) - 16
-8
What is the value of (7 + -5 - 14) + 6 + (-1 - -33)?
26
5 + (6 - (2 + (-3 - -3 - -1)))
8
-32 + (23 - (15 - 5)) - (8 - 1)
-26
Evaluate 15 - (26 + -40 + 23).
6
Calculate -1 + 25 + (828 - 871).
-19
Evaluate -12 - (21 - 14) - -23.
4
What is the value of -31 + 23 - ((8 + -17 - -6) + 18)?
-23
What is the value of 16 - (-9 + -6 + 20)?
11
-1 + -21 + (-93 - -127)
12
Evaluate 23 + (9 - 12) + -19.
1
1 - (11 - 6) - -13 - 8
1
Evaluate -94 + 85 + 2 + (6 - -2).
1
Calculate -31 + (-7 - -35) + 3 + -1.
-1
-1 + -2 + (23 - 49) + (59 - 12)
18
(-3 - -26) + -27 - (-9 + -1 - 1)
7
Evaluate -2 + (-10 - -17) - 6.
-1
10 + 0 - -15 - 31
-6
Evaluate 2 + -3 + -10 + (-1 + 15 - 7).
-4
Evaluate 7 + 2 - (80 + -71 + 2 + -16).
14
What is 0 + 0 + -4 + (-11 - -11)?
-4
Calculate (-2 - 0) + -2 - (41 + -60).
15
1 - -16 - ((28 - -24) + -6)
-29
What is the value of ((-1 - 14) + -3 - -2) + 11?
-5
Evaluate -2 + 2 + -6 + 6.
0
What is the value of (-10 - -4) + (15 - (0 - -8)) + -5?
-4
What is the value of 7 - (0 + 3 + (-3 - -1) + -17)?
23
What is -1 + (1 - 4) - (-264 - -239)?
21
Calculate -5 + 4 + (73 + -78 - (-4 + 0)).
-2
What is 27 + -12 + -18 - (14 + 0 + 3)?
-20
Calculate -4 + (31 + -14 - 2 - 29).
-18
5 - (-3 + (4 - 2 - -5))
1
60 + (-22 + 34 - 47)
25
What is the value of 6 - ((-3 + -27 - -14) + 5)?
17
What is (22 - ((-8 - -9) + (1 - -6))) + 2?
16
Evaluate -11 + (3 + (6 + 4 - 8) - -24).
18
Calculate (-18 - (16 - 51)) + -43.
-26
Calculate -1 + 13 - (-14 + 64 + -59).
21
What is 1 - 0 - 10 - ((48 - 2) + -73)?
18
Evaluate (-28 - (-26 - -4)) + 35.
29
What is the value of 15 + -30 - (-12 + 19)?
-22
What is the value of 0 + (0 - -9) + -8 + 12?
13
-5 - 8 - (3 + (1 - 11 - -2))
-8
Calculate (-20 - (-26 - -1)) + 4 + -1 + 3.
11
What is the value of 137 - 132 - (1 - (0 - 7))?
-3
What is 18 + (-15 - (-13 + 12))?
4
What is 2 - 0 - (108 - (30 + 63))?
-13
What is the value of -23 + 21 - (-5 - (4 + -2))?
5
What is (-15 + (14 - 4) - 7) + -3?
-15
What is -1 + 19 - (214 - 202)?
6
(5 + -1 + -21 - -7) + -7
-17
(-13 + -2 - -21) + -21
-15
-19 - -35 - 5 - (2 + -5 + 2)
12
What is -14 + -5 + (6 - -7 - 4) + -2?
-12
What is 16 + -29 + (12 - -2)?
1
What is the value of 31 - 19 - (-14 - (-8 + 21))?
39
What is the value of -2 - 2 - (26 + (-49 - -25))?
-6
What is (-19 - (0 + -1)) + -33 + (1 - -34)?
-16
Evaluate 32 + -37 - (10 + -9).
-6
What is the value of -11 - ((2 - 23) + -9 + 2)?
17
2 - (10 + 12 + (-7 - -3))
-16
What is (-17 + 1 - 1) + (-2612 - -2616)?
-13
Calculate -1602 - -1594 - (-4 + 2 + (-39 - 3)).
36
What is -2 - -2 - -10 - (21 - 26)?
15
Calcul